rime factors of 80810095.
5, 17, 29, 32783
List the prime factors of 634527968.
2, 233, 85103
What are the prime factors of 66196431?
3, 7, 1050737
List the prime factors of 269586962.
2, 67, 2011843
List the prime factors of 133438070.
2, 5, 1279, 10433
List the prime factors of 799467817.
211, 947, 4001
What are the prime factors of 1921414408?
2, 43, 107, 52201
List the prime factors of 455319162.
2, 3, 25295509
What are the prime factors of 176033636?
2, 44008409
List the prime factors of 281567463.
3, 6781, 13841
What are the prime factors of 1041272919?
3, 31, 3732161
What are the prime factors of 172453587?
3, 109, 527381
List the prime factors of 850614.
2, 3, 141769
List the prime factors of 716339991.
3, 23, 29, 271, 1321
What are the prime factors of 154468807?
71, 239, 9103
What are the prime factors of 106901990?
2, 5, 13, 822323
What are the prime factors of 244531459?
47, 59, 163, 541
What are the prime factors of 2076244700?
2, 5, 20762447
List the prime factors of 412340244.
2, 3, 43, 67, 11927
List the prime factors of 71287275.
3, 5, 950497
What are the prime factors of 200373636?
2, 3, 43, 577, 673
What are the prime factors of 3204316?
2, 801079
What are the prime factors of 13332600?
2, 3, 5, 823
List the prime factors of 1175414360.
2, 5, 29385359
What are the prime factors of 389699519?
11, 19, 1864591
List the prime factors of 116628376.
2, 353, 41299
What are the prime factors of 86984762?
2, 59, 737159
What are the prime factors of 129555663?
3, 43185221
List the prime factors of 4179632605.
5, 835926521
What are the prime factors of 1511364425?
5, 157, 419, 919
What are the prime factors of 10654372?
2, 37, 193, 373
What are the prime factors of 1349282782?
2, 674641391
What are the prime factors of 578287921?
67, 1613, 5351
List the prime factors of 388250303.
7, 127, 436727
What are the prime factors of 216458970?
2, 3, 5, 7, 13, 47, 241
List the prime factors of 5101951145.
5, 479, 2130251
List the prime factors of 30291351.
3, 10097117
List the prime factors of 478918195.
5, 7, 37, 369821
List the prime factors of 849739885.
5, 97, 547, 3203
List the prime factors of 57493215.
3, 5, 13, 23, 4273
List the prime factors of 2127081479.
2127081479
What are the prime factors of 83883399?
3, 29, 107, 9011
What are the prime factors of 7971745?
5, 167, 9547
What are the prime factors of 698029798?
2, 349014899
What are the prime factors of 5096970583?
17, 299821799
List the prime factors of 2625476.
2, 7, 41, 2287
What are the prime factors of 19403929?
29, 383, 1747
What are the prime factors of 131748832?
2, 4117151
List the prime factors of 1605181538.
2, 173, 557, 8329
List the prime factors of 92078733.
3, 30692911
List the prime factors of 69393684.
2, 3, 5782807
List the prime factors of 1720489180.
2, 5, 53, 139, 11677
List the prime factors of 54263153.
7, 229, 33851
What are the prime factors of 368254665?
3, 5, 8183437
List the prime factors of 636730144.
2, 4409, 4513
What are the prime factors of 5522772327?
3, 251, 7334359
What are the prime factors of 120982889?
120982889
List the prime factors of 16948831.
467, 36293
List the prime factors of 5239187017.
79, 137, 484079
List the prime factors of 839797.
7, 119971
List the prime factors of 123875009.
1129, 109721
What are the prime factors of 1393323863?
6833, 203911
What are the prime factors of 384236126?
2, 19, 532183
List the prime factors of 2243161080.
2, 3, 5, 2077001
What are the prime factors of 375614239?
7, 11, 13, 353, 1063
List the prime factors of 43657968.
2, 3, 909541
What are the prime factors of 847201401?
3, 94133489
List the prime factors of 5210229973.
13, 751, 533671
What are the prime factors of 1672688398?
2, 41, 709, 28771
List the prime factors of 743195627.
53, 617, 22727
List the prime factors of 1250466913.
41, 47, 283, 2293
What are the prime factors of 345928598?
2, 179, 463, 2087
What are the prime factors of 293693832?
2, 3, 4079081
List the prime factors of 53783650.
2, 5, 1075673
List the prime factors of 438917401.
13, 33762877
List the prime factors of 69945999.
3, 29, 803977
List the prime factors of 1273737565.
5, 29, 8784397
What are the prime factors of 2506938997?
14081, 178037
What are the prime factors of 445961036?
2, 2473, 45083
What are the prime factors of 5862760389?
3, 1709, 381169
List the prime factors of 1888478.
2, 944239
List the prime factors of 39260813.
4397, 8929
What are the prime factors of 618972322?
2, 1861, 166301
What are the prime factors of 3021903932?
2, 31, 24370193
What are the prime factors of 19516165?
5, 3903233
List the prime factors of 407272886.
2, 389, 523487
List the prime factors of 663475165.
5, 43, 3085931
What are the prime factors of 642284937?
3, 7, 43, 79031
What are the prime factors of 34305908?
2, 7, 13, 79, 1193
What are the prime factors of 81455895?
3, 5, 127, 4751
What are the prime factors of 645790702?
2, 322895351
List the prime factors of 66678592.
2, 1041853
What are the prime factors of 111920849?
19, 443, 13297
What are the prime factors of 832214196?
2, 3, 11, 659, 1063
List the prime factors of 514931610.
2, 3, 5, 17164387
List the prime factors of 912288260.
2, 5, 13, 149, 23549
What are the prime factors of 3301378532?
2, 307, 2688419
What are the prime factors of 58833184?
2, 811, 2267
What are the prime factors of 194550397?
17, 2617, 4373
What are the prime factors of 583478108?
2, 103, 1416209
List the prime factors of 76144664.
2, 919, 10357
What are the prime factors of 205275609?
3, 7, 11, 296213
What are the prime factors of 82557900?
2, 3, 5, 30577
List the prime factors of 1211432492.
2, 302858123
What are the prime factors of 521786954?
2, 13, 20068729
What are the prime factors of 135494654?
2, 67747327
List the prime factors of 2141705272.
2, 7, 113, 338449
What are the prime factors of 247523203?
19, 191, 68207
What are the prime factors of 179315372?
2, 397, 112919
List the prime factors of 412952131.
11261, 36671
What are the prime factors of 609386621?
609386621
What are the prime factors of 1242521640?
2, 3, 5, 23, 50021
List the prime factors of 2504888.
2, 353, 887
What are the prime factors of 162271433?
1151, 140983
List the prime factors of 3540809741.
7, 505829963
List the prime factors of 7352552654.
2, 4643, 791789
List the prime factors of 51933684.
2, 3, 11, 47, 761
What are the prime factors of 160806377?
10099, 15923
List the prime factors of 7446471.
3, 2482157
List the prime factors of 46472070.
2, 3, 5, 373, 4153
List the prime factors of 8456870995.
5, 1433, 1180303
List the prime factors of 1298502801.
3, 347, 415787
What are the prime factors of 998277585?
3, 5, 29, 2294891
List the prime factors of 1640151773.
13, 126165521
What are the prime factors of 25034107?
7, 907, 3943
List the prime factors of 565597998.
2, 3, 7, 1496291
What are the prime factors of 51777461?
17, 43, 193, 367
List the prime factors of 38461150.
2, 5, 7, 13, 79, 107
List the prime factors of 39590532.
2, 3, 13577
What are the prime factors of 804226253?
804226253
What are the prime factors of 3767320984?
2, 7, 53, 349, 3637
List the prime factors of 1332083774.
2, 7, 95148841
List the prime factors of 1587045939.
3, 53, 103, 96907
What are the prime factors of 27807108?
2, 3, 7, 19, 131
List the prime factors of 13929363.
3, 7, 221101
What are the prime factors of 1450175694?
2, 3, 11, 47, 467497
List the prime factors of 69224027.
197, 351391
List the prime factors of 413225602.
2, 1303, 158567
List the prime factors of 366583378.
2, 7, 19, 41, 33613
List the prime factors of 95754326.
2, 97, 493579
List the prime factors of 2452340266.
2, 293, 4184881
What are the prime factors of 5115056354?
2, 2557528177
What are the prime factors of 148571324?
2, 11, 47, 71843
What are the prime factors of 695084907?
3, 11, 21063179
List the prime factors of 143878890.
2, 3, 5, 4795963
List the prime factors of 835247479.
11, 71, 1069459
List the prime factors of 114797210.
2, 5, 11, 647, 1613
List the prime factors of 77534754.
2, 3, 11, 1174769
List the prime factors of 173791015.
5, 367, 94709
List the prime factors of 3428129833.
3428129833
List the prime factors of 91905351.
3, 47, 651811
What are the prime factors of 53753301?
3, 7, 31601
List